{"id":83,"date":"2015-03-12T23:37:08","date_gmt":"2015-03-12T23:37:08","guid":{"rendered":"http:\/\/wordpress.reichardt.co\/?page_id=83"},"modified":"2023-06-11T18:46:53","modified_gmt":"2023-06-11T16:46:53","slug":"engagements","status":"publish","type":"page","link":"https:\/\/ursulamarti.ch\/?page_id=83","title":{"rendered":"Engagements"},"content":{"rendered":"<ul>\n<li>Kornhausbibliotheken, Stiftungsratspr\u00e4sidentin, seit 2014<br \/>\n<a style=\"line-height: 1.6;\" href=\"http:\/\/www.kornhausbibliotheken.ch\" target=\"_blank\" rel=\"noopener noreferrer\">www.kornhausbibliotheken.ch<\/a><\/li>\n<li>Verband Bildung &amp; Betreuung Schweiz, Vizepr\u00e4sidentin, seit 2006<br \/>\n<a href=\"http:\/\/www.bildung-betreuung.ch\" target=\"_blank\" rel=\"noopener noreferrer\">www.bildung-betreuung.ch<br \/>\n<\/a><\/li>\n<li>KV Bern, Vorstand, seit 2006<br \/>\n<a href=\"http:\/\/www.kvbern.ch\" target=\"_blank\" rel=\"noopener noreferrer\">www.kvbern.ch<\/a><\/li>\n<li>Tel 143 &#8211; Die Dargebotene Hand, Unterst\u00fctzungskomitee, seit 2015<br \/>\n<a href=\"http:\/\/bern.143.ch\" target=\"_blank\" rel=\"noopener noreferrer\">bern.143.ch<\/a><\/li>\n<li>Pr\u00e4sidentin SP Kanton Bern, seit 2014<br \/>\n<a href=\"http:\/\/www.spbe.ch\" target=\"_blank\" rel=\"noopener noreferrer\">www.sp-be.ch<\/a><\/li>\n<li>Gesch\u00e4ftsleitung SP Schweiz, seit 2014<br \/>\n<a href=\"http:\/\/www.sp-ps.ch\">www.sp-ps.ch<\/a><\/li>\n<li>Gesch\u00e4ftsleitung SP Kanton Bern, seit 2008<br \/>\n<a href=\"http:\/\/www.sp-be.ch\" target=\"_blank\" rel=\"noopener noreferrer\">www.sp-be.ch<\/a><\/li>\n<\/ul>\n<p><strong><br \/>\nFr\u00fchere Engagements (Auswahl)<\/strong><\/p>\n<ul>\n<li>Abstimmungskomitee Ja zum Tram Bern-Ostermundigen, 2018<\/li>\n<li>Kantonales Komitee gegen die USRIII, 2017<\/li>\n<li>Verein Bern neu gr\u00fcnden, Vorstand, 2012-2017<\/li>\n<li>Contact Netz, Stiftung f\u00fcr Suchtarbeit, Stiftungsr\u00e4tin, 2013-2017<\/li>\n<li>Initiativkomitee Bew\u00e4hrte Pr\u00e4mienverbilligungen, 2015-2016<\/li>\n<li>Referendumskomitee Bew\u00e4hrte Pr\u00e4mienverbilligungen, 2015-2016<\/li>\n<li>Verein M\u00e4dchentreff Bern, Co-Pr\u00e4sidentin, 2010-2013<\/li>\n<li>Verein Berner Tagesschulen VBT, Vorstand, 2003-2012<\/li>\n<li>Komitee Kita-Volksvorschlag, Co-Pr\u00e4sidentin, 2012-2013<\/li>\n<li>\n<div align=\"left\">Komitee Kita-Initiative, Co-Pr\u00e4sidentin, 2008-2011<\/div>\n<\/li>\n<\/ul>\n<p><strong><br \/>\nMitgliedschaften<\/strong><\/p>\n<p>Bern bleibt gr\u00fcn, Berner Beratungsstelle f\u00fcr Sans-Papiers, Berner PR-Gesellschaft BPRG, Bernischer Staatspersonalverband BSPV, Gewerkschaft VPOD, Pro Velo, L\u00e4bigi Stadt, Verein Kind, Spiel &amp; Begegnung, Verein Schule ohne Selektion VSOS, Schweiz. Arbeiterhilfswerk SAH Bern, Schweiz. Beobachtungsstelle f\u00fcr Asyl- und Ausl\u00e4nderfragen.<\/p>\n","protected":false},"excerpt":{"rendered":"<p>Kornhausbibliotheken, Stiftungsratspr\u00e4sidentin, seit 2014 www.kornhausbibliotheken.ch Verband Bildung &amp; Betreuung Schweiz, Vizepr\u00e4sidentin, seit 2006 www.bildung-betreuung.ch KV Bern, Vorstand, seit 2006 www.kvbern.ch Tel 143 &#8211; Die Dargebotene Hand, Unterst\u00fctzungskomitee, seit 2015 bern.143.ch Pr\u00e4sidentin SP Kanton Bern, seit 2014 www.sp-be.ch Gesch\u00e4ftsleitung SP Schweiz, seit 2014 www.sp-ps.ch Gesch\u00e4ftsleitung SP Kanton Bern, seit 2008 www.sp-be.ch Fr\u00fchere Engagements (Auswahl) Abstimmungskomitee Ja [&hellip;]<\/p>\n","protected":false},"author":3,"featured_media":0,"parent":0,"menu_order":0,"comment_status":"closed","ping_status":"closed","template":"page-templates\/flex-page.php","meta":[],"acf":[],"_links":{"self":[{"href":"https:\/\/ursulamarti.ch\/index.php?rest_route=\/wp\/v2\/pages\/83"}],"collection":[{"href":"https:\/\/ursulamarti.ch\/index.php?rest_route=\/wp\/v2\/pages"}],"about":[{"href":"https:\/\/ursulamarti.ch\/index.php?rest_route=\/wp\/v2\/types\/page"}],"author":[{"embeddable":true,"href":"https:\/\/ursulamarti.ch\/index.php?rest_route=\/wp\/v2\/users\/3"}],"replies":[{"embeddable":true,"href":"https:\/\/ursulamarti.ch\/index.php?rest_route=%2Fwp%2Fv2%2Fcomments&post=83"}],"version-history":[{"count":3,"href":"https:\/\/ursulamarti.ch\/index.php?rest_route=\/wp\/v2\/pages\/83\/revisions"}],"predecessor-version":[{"id":2384,"href":"https:\/\/ursulamarti.ch\/index.php?rest_route=\/wp\/v2\/pages\/83\/revisions\/2384"}],"wp:attachment":[{"href":"https:\/\/ursulamarti.ch\/index.php?rest_route=%2Fwp%2Fv2%2Fmedia&parent=83"}],"curies":[{"name":"wp","href":"https:\/\/api.w.org\/{rel}","templated":true}]}}