{"id":2306,"date":"2022-02-28T10:49:37","date_gmt":"2022-02-28T08:49:37","guid":{"rendered":"https:\/\/ursulamarti.ch\/?page_id=2306"},"modified":"2022-02-28T11:21:26","modified_gmt":"2022-02-28T09:21:26","slug":"archiv-2","status":"publish","type":"page","link":"https:\/\/ursulamarti.ch\/?page_id=2306","title":{"rendered":"Archiv"},"content":{"rendered":"<div class=\"entry-content\">\n<p><strong>Stadtrat<\/strong><\/p>\n<p>Ich war von Januar 2006 bis September 2013 Mitglied des Stadtrats von Bern.<\/p>\n<p>&nbsp;<\/p>\n<p><strong>Stadtratspr\u00e4sidium 2012<\/strong><\/p>\n<p>2012 durfte ich das Amt als Stadtratspr\u00e4sidentin aus\u00fcben \u2013 eine besondere Herausforderung und einzigartige Chance! Zu meinen Aufgaben geh\u00f6rten die Leitung des Stadtrats, der Finanzdelegation und der Fraktionspr\u00e4sidienkonferenz sowie die F\u00fchrung der Ratssekretariatsleitung. Dazu kamen zahlreiche repr\u00e4sentative Verpflichtungen. Es war f\u00fcr mich eine sehr sch\u00f6ne und intensive Zeit.<\/p>\n<p>&nbsp;<\/p>\n<p><strong>Kommissionsarbeit<\/strong><\/p>\n<ul>\n<li>Agglomerationskommission AKO: Mai 2006 bis Dezember 2011 (Vize-Pr\u00e4sidentin 2007-2011)<\/li>\n<li>Kommission f\u00fcr Soziales, Bildung und Kultur SBK: Juli 2008 \u2013 Februar 2011<\/li>\n<li>Finanzdelegation: August 2009 bis Februar 2011, Januar bis Dezember 2012<\/li>\n<\/ul>\n<\/div>\n<p><strong>Eingereichte Vorst\u00f6sse<\/strong><\/p>\n<p><strong>2013<\/strong><\/p>\n<ul>\n<li><a href=\"http:\/\/ursulamarti.ch\/PDF\/Vorstoss%2013-3%20Laenggasstreff.pdf\" target=\"_blank\" rel=\"noopener noreferrer\">Der L\u00e4nggasstreff soll der Bev\u00f6lkerung weiterhin zur Verf\u00fcgung stehen<\/a><\/li>\n<li><a href=\"http:\/\/ursulamarti.ch\/PDF\/Vorstoss%2013-2.pdf\" target=\"_blank\" rel=\"noopener noreferrer\">Tagesschulangebot im Kindergarten<\/a><\/li>\n<li><a href=\"http:\/\/ursulamarti.ch\/PDF\/Vorstoss%2013-1%20Tbilissi.pdf\" target=\"_blank\" rel=\"noopener noreferrer\">Tbilissi \u2013 Bern: Eine St\u00e4dtfreundschaft f\u00fcr die Zukunft<\/a><\/li>\n<\/ul>\n<p><strong>2012<\/strong><\/p>\n<ul>\n<li><a href=\"http:\/\/ursulamarti.ch\/PDF\/Vorstoss%2012-1.pdf\" target=\"_blank\" rel=\"noopener noreferrer\">Pathologie L\u00e4nggasse baut aus: Wo bleiben die Bewilligungen und die R\u00fccksichtnahme auf die Anwohnenden?<\/a><\/li>\n<\/ul>\n<p><strong>2011<\/strong><\/p>\n<ul>\n<li><a href=\"http:\/\/ursulamarti.ch\/PDF\/Vorstoss%2011-1.pdf\" target=\"_blank\" rel=\"noopener noreferrer\">Finanzielle Zusicherung f\u00fcr den Bau einer zweiten Tramachse zur Entlastung der Spitalgasse\/Marktgasse<\/a><\/li>\n<\/ul>\n<p><strong>2010<\/strong><\/p>\n<ul>\n<li><a href=\"http:\/\/ursulamarti.ch\/PDF\/Vorstoss%2010-1.pdf\" target=\"_blank\" rel=\"noopener noreferrer\">\u00d6V-Erschliessung Bremgartenstrasse: Wenn schon mit Postautos, dann aber richtig<\/a><\/li>\n<li><a href=\"http:\/\/ursulamarti.ch\/PDF\/Vorstoss%2010-2.pdf\" target=\"_blank\" rel=\"noopener noreferrer\">\u00d6V-Erschliessung Von Roll-Areal: Wenn schon mit Postautos, dann aber richtig<\/a><\/li>\n<li><a href=\"http:\/\/ursulamarti.ch\/PDF\/Vorstoss%2010-3.pdf\" target=\"_blank\" rel=\"noopener noreferrer\">Die Mittelstrasse soll eine richtige Begegnungsstrasse werden!<\/a><\/li>\n<\/ul>\n<p><strong>2009<\/strong><\/p>\n<ul>\n<li><a href=\"http:\/\/ursulamarti.ch\/PDF\/Vorstoss%2009-1.pdf\" target=\"_blank\" rel=\"noopener noreferrer\">H\u00e4lt die Betreuungsqualit\u00e4t in den Kitas mit dem Ausbau<br \/>\nSchritt?<\/a><\/li>\n<\/ul>\n<p><strong>2008<\/strong><\/p>\n<ul>\n<li><a href=\"http:\/\/ursulamarti.ch\/PDF\/Vorstoss%2008-6.pdf\" target=\"_blank\" rel=\"noopener noreferrer\">Asylunterkunft Hochfeld: menschenw\u00fcrdige Zust\u00e4nde schaffen<\/a><\/li>\n<li><a href=\"http:\/\/ursulamarti.ch\/PDF\/Vorstoss%2008-5.pdf\" target=\"_blank\" rel=\"noopener noreferrer\">Wann wird das Grosse L\u00e4nggass-Schulhaus endlich saniert?<\/a><\/li>\n<li><a href=\"http:\/\/ursulamarti.ch\/PDF\/Vorstoss%2008-4.pdf\" target=\"_blank\" rel=\"noopener noreferrer\">Zentrale Entsorgungsstelle in der L\u00e4nggasse<\/a><\/li>\n<li><a href=\"http:\/\/ursulamarti.ch\/PDF\/Vorstoss%2008-3.pdf\" target=\"_blank\" rel=\"noopener noreferrer\">Regionalkonferenz: Zust\u00e4ndigkeit f\u00fcr Beh\u00f6rdeninitiative und -referendum dem Stadtrat \u00fcbertragen<\/a><\/li>\n<li><a href=\"http:\/\/ursulamarti.ch\/PDF\/Vorstoss%2008-2%20%20.pdf\" target=\"_blank\" rel=\"noopener noreferrer\">Rechtsanspruch auf Tagesschulplatz verankern<\/a><\/li>\n<li><a href=\"http:\/\/ursulamarti.ch\/PDF\/Vorstoss%2008-1.pdf\" target=\"_blank\" rel=\"noopener noreferrer\">60 neue Kita-Pl\u00e4tze pro Jahr!<\/a><\/li>\n<\/ul>\n<p><strong>2007<\/strong><\/p>\n<ul>\n<li><a href=\"http:\/\/ursulamarti.ch\/PDF\/Vorstoss%2007-8.pdf\" target=\"_blank\" rel=\"noopener noreferrer\">\u00d6V-Erschliessung Von Roll und Bremgartenstrasse<\/a><\/li>\n<li><a href=\"http:\/\/ursulamarti.ch\/PDF\/Vorstoss%2007-7.pdf\" target=\"_blank\" rel=\"noopener noreferrer\">Grosse Schanze \u2013 grosse Chance<\/a><\/li>\n<li><a href=\"http:\/\/ursulamarti.ch\/PDF\/Vorstoss%2007-6.pdf\" target=\"_blank\" rel=\"noopener noreferrer\">Nahtloser \u00dcbertritt von der Kita in die Tagesschule<\/a><\/li>\n<li><a href=\"http:\/\/ursulamarti.ch\/PDF\/Vorstoss%2007-5.pdf\" target=\"_blank\" rel=\"noopener noreferrer\">Gemeinwesenarbeit: Mitwirkung der Kinder und Jugendlichen st\u00e4rken<\/a><\/li>\n<li><a href=\"http:\/\/ursulamarti.ch\/PDF\/Vorstoss%2007-4.pdf\" target=\"_blank\" rel=\"noopener noreferrer\">Gemeinwesenarbeit: stadtteilbezogen b\u00fcndeln<\/a><\/li>\n<li><a href=\"http:\/\/ursulamarti.ch\/PDF\/Vorstoss%2007-3.pdf\" target=\"_blank\" rel=\"noopener noreferrer\">Positive Bilder von starken M\u00e4dchen vermitteln mit \u201eRespekt ist Pflicht\u201c<\/a><\/li>\n<li><a href=\"http:\/\/ursulamarti.ch\/PDF\/Vorstoss%2007-2.pdf\" target=\"_blank\" rel=\"noopener noreferrer\">Lohngleichheit in der Stadtverwaltung und Privatwirtschaft<\/a><\/li>\n<li><a href=\"http:\/\/ursulamarti.ch\/PDF\/Vorstoss%2007-1.pdf\" target=\"_blank\" rel=\"noopener noreferrer\">Wohnumfeldverbesserungsmassnahmen beim Muesmattschulhaus<\/a><\/li>\n<\/ul>\n<p><strong>2006<\/strong><\/p>\n<ul>\n<li><a href=\"http:\/\/ursulamarti.ch\/PDF\/Vorstoss%2006-2.pdf\" target=\"_blank\" rel=\"noopener noreferrer\">Schulfrei w\u00e4hrend den Unterrichtszeiten \u2013 eine Betreuungsl\u00fccke<\/a><\/li>\n<li><a href=\"http:\/\/ursulamarti.ch\/PDF\/Vorstoss%2006-1.pdf\" target=\"_blank\" rel=\"noopener noreferrer\">Aktionsplan Gleichstellung<\/a><\/li>\n<\/ul>\n","protected":false},"excerpt":{"rendered":"<p>Stadtrat Ich war von Januar 2006 bis September 2013 Mitglied des Stadtrats von Bern. &nbsp; Stadtratspr\u00e4sidium 2012 2012 durfte ich das Amt als Stadtratspr\u00e4sidentin aus\u00fcben \u2013 eine besondere Herausforderung und einzigartige Chance! Zu meinen Aufgaben geh\u00f6rten die Leitung des Stadtrats, der Finanzdelegation und der Fraktionspr\u00e4sidienkonferenz sowie die F\u00fchrung der Ratssekretariatsleitung. Dazu kamen zahlreiche repr\u00e4sentative Verpflichtungen. [&hellip;]<\/p>\n","protected":false},"author":3,"featured_media":0,"parent":2299,"menu_order":0,"comment_status":"closed","ping_status":"closed","template":"","meta":[],"acf":[],"_links":{"self":[{"href":"https:\/\/ursulamarti.ch\/index.php?rest_route=\/wp\/v2\/pages\/2306"}],"collection":[{"href":"https:\/\/ursulamarti.ch\/index.php?rest_route=\/wp\/v2\/pages"}],"about":[{"href":"https:\/\/ursulamarti.ch\/index.php?rest_route=\/wp\/v2\/types\/page"}],"author":[{"embeddable":true,"href":"https:\/\/ursulamarti.ch\/index.php?rest_route=\/wp\/v2\/users\/3"}],"replies":[{"embeddable":true,"href":"https:\/\/ursulamarti.ch\/index.php?rest_route=%2Fwp%2Fv2%2Fcomments&post=2306"}],"version-history":[{"count":2,"href":"https:\/\/ursulamarti.ch\/index.php?rest_route=\/wp\/v2\/pages\/2306\/revisions"}],"predecessor-version":[{"id":2308,"href":"https:\/\/ursulamarti.ch\/index.php?rest_route=\/wp\/v2\/pages\/2306\/revisions\/2308"}],"up":[{"embeddable":true,"href":"https:\/\/ursulamarti.ch\/index.php?rest_route=\/wp\/v2\/pages\/2299"}],"wp:attachment":[{"href":"https:\/\/ursulamarti.ch\/index.php?rest_route=%2Fwp%2Fv2%2Fmedia&parent=2306"}],"curies":[{"name":"wp","href":"https:\/\/api.w.org\/{rel}","templated":true}]}}